
Let m(c) = 815*c - 1. List the prime factors of m(9).
2, 19, 193
Suppose -485 = c - 483, 5*c + 112155 = 5*b. List the prime factors of b.
11, 2039
Suppose 105 = -17*l + 22*l. Let b = 17 - l. List the prime factors of 2*(101/2 - b).
109
Let m(i) = -21*i**3 + 24*i**2 + 24*i + 15. List the prime factors of m(-5).
2, 3, 5, 13
Let t = -18 - 12. Let w = -10 - t. Suppose 0 = 6*f - 2*f - w. List the prime factors of f.
5
Let a(o) = o**2 + 5*o - 12. Let u be a(-6). Let w be (189/u)/1*28/6. Let g = w + 218. List the prime factors of g.
71
Let j(o) = -65*o**3 + o + 3*o**2 - 2 - 5*o**2 - 38*o**3 + 9*o**2. What are the prime factors of j(-2)?
2, 53
Suppose -7 = 3*x + 5, 2*z + 5*x = -42. Let w = 10 + z. What are the prime factors of (-3 + -4*5)*w?
23
Suppose 85*j - 73*j = -192. Let y(c) = -2*c**2 + 18*c + 8. Let v(n) = -3*n**2 + 36*n + 17. Let x(r) = -6*v(r) + 10*y(r). List the prime factors of x(j).
2, 3, 7
What are the prime factors of 16225056/576*(-2)/(-3)?
89, 211
Let r(u) = -58*u - 17. Let z be r(-3). Let s = 497 - z. What are the prime factors of s?
2, 5, 17
Let d(k) be the third derivative of k**5/60 + 2*k**4/3 - 8*k**3 + 11*k**2. Let l be d(-20). Suppose -10*t + 11*t = l. List the prime factors of t.
2
Suppose -9*z + 13*z = 3*v - 698, 4*v + 857 = -5*z. Let x = z - -332. List the prime factors of x.
3, 53
Let i(n) = n**2 - 15*n - 27. Let q be i(15). Let r = 26 + q. Let p(k) = -110*k**3 - k**2 - 3*k - 3. List the prime factors of p(r).
109
Suppose 56 = -2*i + 10*i. Suppose 1216 = i*j + 285. List the prime factors of j.
7, 19
Let i be -99 + (-5 - (6 + -8)). Let o = i - -192. List the prime factors of o.
2, 3, 5
Let p(f) = 11*f + 497. Let o(g) = -7*g - 497. Let s(d) = -7*o(d) - 6*p(d). What are the prime factors of s(0)?
7, 71
Suppose 3*g = 2*l - 173, 2*g + 170 = 2*l - 2*g. Let w(b) = b**2 - 6*b + 3. Let q be w(9). Let m = l - q. What are the prime factors of m?
61
Let c be 1*(7/(-49) + (-29)/(-7)). Suppose 827 = c*i - 2057. What are the prime factors of i?
7, 103
Let c = 64 + -67. What are the prime factors of (11/c)/((-20)/2400)?
2, 5, 11
Suppose 11 - 17 = -3*t. Suppose 5*v - t*v - 6 = 0. Suppose -v*a = 4 - 390. List the prime factors of a.
193
Let k be (-10)/(-12) + (780/(-72) - -11). What are the prime factors of k + -1 + (654 - -8 - 0)?
2, 331
Let w(n) = 578*n + 843. What are the prime factors of w(13)?
61, 137
Suppose f - 668 = 4. What are the prime factors of (-5582)/(-42) + 64/f?
7, 19
Let i be 3425/(-75) + (-2)/(-3). List the prime factors of ((-595)/21)/(i/27).
17
Let z(s) = 12*s - 4. Let l be z(2). Suppose 20*u - 47 = 13. Suppose -252 = -2*r - u*p + 4*p, 5*p = l. What are the prime factors of r?
2
Let b(q) = 220*q**2 + 17*q + 36. Let k be -4*(66/(-88) + 10/8). List the prime factors of b(k).
2, 3, 7
Suppose -7*s = -f + 8951, -35 + 42 = -s. List the prime factors of f.
2, 4451
Suppose -39*b = -198*b - 38*b + 2091352. What are the prime factors of b?
2, 1327
Suppose -50105 = -23*r + 52360. List the prime factors of r.
3, 5, 11
Suppose 4*j + 4*r = 4988 - 720, r + 1057 = j. Let s be j/7 + (-30)/(-105). Suppose -5*q + 521 = 4*p + s, 0 = 3*p + 12. What are the prime factors of q?
7, 11
Let q = 3506 - 3437. What are the prime factors of q?
3, 23
What are the prime factors of (-10676916)/(-306) - 5/((-510)/12)?
2, 11, 13, 61
Suppose 0 = -3*k - 41 - 163. Let h = -58 - k. Suppose 875 = h*n - 3*n. List the prime factors of n.
5
Let p(c) = 11 + 46*c**2 + 6*c**3 - 62*c - 7*c**3 + 12 + 7*c**3 - 4*c**3. List the prime factors of p(-24).
359
Suppose -2 = 777*h - 775*h, h + 7144 = t. What are the prime factors of t?
3, 2381
Let t(u) = u**3 + 4*u**2 - 31*u + 8. Let q be t(-8). Suppose q = 7*w + 272 - 2351. What are the prime factors of w?
3, 11
Suppose 0 = -0*v - 2*v + 4. Let g be 1 + v + (-6)/3 + 1. Suppose 4*l + 5*i - 273 = 0, l - g*i = -0*l + 52. What are the prime factors of l?
2, 31
Let x(b) = b**3 - 22*b**2 - 8*b. Let h be x(20). Let c = h + 1381. Suppose 5*s - c = -2*a, -317 = -2*a - s + 92. List the prime factors of a.
7, 29
Suppose -1250*n = -1235*n - 121050. What are the prime factors of n?
2, 3, 5, 269
Suppose 19*a - 4901 + 161197 = 26*a. What are the prime factors of a?
2, 2791
Let l be -16 - 755 - 0/(-2). Let m = 1090 + l. List the prime factors of m.
11, 29
Suppose -277*y = -302*y + 100. Suppose 0*h - 5*h = 25. Let l = y - h. What are the prime factors of l?
3
Let v(z) = 36*z**3 + 2*z**2 - 3*z + 2. Suppose 4*w + 5*w + 432 = 0. Let u = 49 + w. List the prime factors of v(u).
37
Let b(c) = -50*c + 353. Suppose 0 = -2*w - 2*a - 20, 0 = 3*w - 5*a + 10 - 4. What are the prime factors of b(w)?
19, 37
Let v = 44 - 50. List the prime factors of 129/2*(v + 12).
3, 43
Suppose -2*n = -v - 64, -3*n + 241 = -2*v - 2*v. Let a = v + 302. What are the prime factors of a?
2, 61
Suppose 8*n + 108 = -19*n. Let a(i) = -i**3 - i**2 + i + 7. List the prime factors of a(n).
3, 17
Suppose 98*q - 4580982 = 44*q. List the prime factors of q.
7, 12119
Let n be (-210)/(-5) - 6*2. Let i = -378 - 354. What are the prime factors of 3/((-6)/10*n/i)?
2, 61
Let b = 88912 + -29542. What are the prime factors of b?
2, 3, 5, 1979
List the prime factors of (-246)/656 - 62646/(-16).
3, 5, 29
Suppose -28*z = -65*z + 20*z + 86904. What are the prime factors of z?
2, 3, 71
Let a = 15435 - 9269. List the prime factors of a.
2, 3083
Suppose -2*l - 5*s - 18 = 0, 4*l + l - 21 = 4*s. Suppose 11 = -5*k + 4*a, -5*a - l = 3*k - 6*a. What are the prime factors of (10/(-6))/(-1)*144/k?
2, 3, 5
Let u(g) = 12*g**2 + 2*g + 8. Let k be u(-3). Let n = 33 - k. Let q = -12 - n. What are the prime factors of q?
5, 13
Let k be 50/125 - 7/10*-8. What are the prime factors of (40 - -498)*k/4?
3, 269
List the prime factors of 17/((-578)/189890)*1*(-1 + -1).
2, 5, 1117
Suppose 1 + 0 = a. Let g(y) = 446*y + 6. List the prime factors of g(a).
2, 113
Let y be (-6)/8 + (-209)/(-76). What are the prime factors of 127 + (-6)/y - (-1 + 3)?
2, 61
List the prime factors of ((10*-1)/(-2))/((-2140)/(-11746888)).
2, 13723
Suppose 12*w + 210 = -23*w. What are the prime factors of w*(-8)/40*2980/6?
2, 149
Suppose 22*s = 23*s - 3. Let d be 21/(-63) - (-13)/s. What are the prime factors of d/(-8) - -526*(-2)/(-8)?
131
Suppose -20*x + 11481 = -17*x. List the prime factors of x.
43, 89
Let t(u) = 4*u - 77. Let w(y) = 16*y - 308. Let v(j) = 9*t(j) - 2*w(j). Let k be v(0). Let g = 5 - k. What are the prime factors of g?
2, 41
Let f(s) = -s**2 + 38*s - 20. Let p be (3 - 1)*(15/2 - -7). List the prime factors of f(p).
241
Suppose -2*c = -s + 1664, -c + 3968 = 5*s - 4275. What are the prime factors of s?
2, 3, 5, 11
Let w(g) = -2*g + 2 + 0 + 6. Let j be w(-5). Suppose -2*l + 102 = -j. List the prime factors of l.
2, 3, 5
Let p(c) = c**3 - 3*c + 5. Let k be p(2). What are the prime factors of (k - -8)/((-1)/(-14))?
2, 3, 5, 7
Let b(l) = 10 + 5 - l**2 - 5 + 10*l + 2*l**2. Let u be b(-11). What are the prime factors of (1 + 0)*(0 + u)?
3, 7
Let v(s) = -80*s - 1336. What are the prime factors of v(-32)?
2, 3, 17
Let p = 3196 + -1726. Suppose 3*y - 5*r = 2230, -2*y + p = 4*r + r. List the prime factors of y.
2, 5, 37
List the prime factors of -16 + 11903 + -19 + 15.
3, 17, 233
Let r(f) = -21*f**2 + 3*f + 13. Let c be r(-4). Let y = -216 - c. What are the prime factors of y?
7, 17
Let g be 10/(-15)*(-1 + -2). Let p be ((-32326)/(-21))/(g/3). Suppose 0 = 10*v - 421 - p. List the prime factors of v.
3, 7, 13
Let u(a) = 98*a**3 + 2*a**2 + 66*a - 242. What are the prime factors of u(4)?
2, 3163
Let o = 23 - 21. Suppose d + m - 253 = 3*m, o*d + 5*m - 515 = 0. What are the prime factors of (-1 + d)/(4 + -7 + 5)?
127
Let p(v) = 25*v + 9. Suppose -o - 5*w - 6 = 0, 2*o - 12 = -2*o - 2*w. Suppose 4*l - 8 = -k, 42 = 4*l - o*k + 14. List the prime factors of p(l).
2, 3, 7
Suppose 4*o + 39988 = 4*x - 0*x, -3*x + 29993 = -o. Suppose -2033 + x = 15*q. List the prime factors of q.
3, 59
Let r(t) = 4*t**2 + 47*t + 27. Let w(j) = -j**2. Let l(m) = r(m) + 2*w(m). Suppose -20*z + 115 = -25*z. What are the prime factors of l(z)?
2
Let x(h) = -h**3 + 25*h**2 + 11*h + 83. Let m(j) = -4*j**3 + 100*j**2 + 44*j + 333. Let r(n) = -2*m(n) + 9*x(n). What are the prime factors of r(25)?
2, 89
List the prime factors of (-36)/20*-836 - ((-144)/30)/(-6).
2, 47
Let